(q) = q**3 + 7*q**2 - 3*q - 30. Calculate k(-7).
-9
Let v(p) = -p**2 + 21*p + 7. Determine v(22).
-15
Let g(d) = -7*d + 7. Determine g(-3).
28
Let d(k) = -15*k**3 + k**2 - k - 1. Calculate d(-1).
16
Let j(t) = 14*t + 236. Determine j(-16).
12
Let g(v) = -v**2 + 9*v - 10. Determine g(5).
10
Let u(k) = 13*k. Give u(2).
26
Let a(p) = 3*p**2 + 5*p - 27. Calculate a(5).
73
Let a(g) = 35*g**3 + g**2 + g + 1. What is a(-1)?
-34
Let x(v) = v**2 - 5*v - 1. Give x(5).
-1
Let o(r) = 14*r**2 + r + 1. Give o(-1).
14
Let u(x) = -x**3 - 37*x**2 - 102*x + 6. Calculate u(-34).
6
Let z(k) = -5*k - 16. Calculate z(-5).
9
Let q(i) = -i**3 - 16*i**2 - 37*i + 25. What is q(-13)?
-1
Let g(t) = -4*t - 71. Give g(-19).
5
Let c(h) = -h**2 + 18*h + 94. Determine c(-5).
-21
Let v(o) = -3*o**2 - 2*o - 3. Give v(0).
-3
Let d(z) = -z**2 + 4*z. Determine d(2).
4
Let j(k) = k**2 + 12. Give j(0).
12
Let a(g) = 4*g**2 + 4*g - 8. Determine a(-4).
40
Let x(g) = -3*g**3 - g**2 + 2*g + 2. Calculate x(-2).
18
Let f(i) = 3*i**2 + i + 1. What is f(0)?
1
Let g(q) = -q**2 + 19*q - 13. What is g(18)?
5
Let p(h) = -2*h**2 - 8*h + 23. What is p(-6)?
-1
Let m(u) = u**2 + 3*u - 12. What is m(5)?
28
Let x(w) = 5*w - 49. What is x(13)?
16
Let p(a) = 7*a + 3. What is p(-2)?
-11
Let r(d) = -d + 2. Give r(6).
-4
Let h(a) = -a**3 - 51*a**2 - 52*a - 93. Give h(-50).
7
Let x(v) = -v**3 + 3*v**2 + 4*v + 2. Calculate x(4).
2
Let r(v) = -2*v**3 + 3*v**2 + 6*v - 7. Determine r(2).
1
Let q(i) = -i**2 + 11*i - 30. Determine q(5).
0
Let l(c) = 11*c + 17. Determine l(-12).
-115
Let j(m) = m**3 - 5*m**2 + m - 1. Calculate j(4).
-13
Let f(a) = -a**3 - 2*a**2 + 2*a. Determine f(-3).
3
Let h(t) = 3*t**3 - 10*t**2 - 10*t + 11. Give h(4).
3
Let m(n) = n**2 - 7*n - 4. Calculate m(6).
-10
Let u(r) = -r**2 - r + 1. Give u(0).
1
Let b(n) = -20*n**2 - 2*n + 2. What is b(1)?
-20
Let j(y) = y**2 + 13*y + 21. Determine j(-11).
-1
Let v(f) = 8*f - 1. What is v(-5)?
-41
Let b(w) = -13*w + 10. Determine b(3).
-29
Let k(u) = u**2 + 23*u + 59. Determine k(-19).
-17
Let r(l) = -l**3 - 7*l**2 + 4*l - 6. What is r(-7)?
-34
Let a(k) = -2*k - 19. What is a(-7)?
-5
Let c(j) = -19*j - 1. Determine c(-1).
18
Let q(l) = 4*l - 26. What is q(13)?
26
Let p(m) = 6*m**2 + 11*m + 6. Calculate p(-4).
58
Let b(d) = 3*d - 53. Give b(17).
-2
Let h(d) = -d**3 + 6*d**2 - 4*d + 3. Give h(5).
8
Let u(f) = -5*f**2 + 7*f - 9. Calculate u(2).
-15
Let i(u) = -7*u**2 - u + 2. Calculate i(1).
-6
Let i(q) = -2*q - 97. Calculate i(6).
-109
Let z(d) = -2*d**3 - 13*d**2 - 9*d - 24. Calculate z(-6).
-6
Let m(k) = 146*k - 1899. What is m(13)?
-1
Let d(c) = -7*c + 69. Give d(11).
-8
Let u(x) = -3*x + 2. Determine u(-4).
14
Let d(o) = 2*o**2 + 10*o + 3. What is d(-7)?
31
Let q(f) = f**2 - 16*f + 19. Give q(15).
4
Let l(x) = x**2 - 31*x - 183. Calculate l(36).
-3
Let z(h) = h**3 - 5*h**2 + 3*h + 5. What is z(7)?
124
Let b(x) = -x**2 + 10*x - 11. Determine b(7).
10
Let n(v) = -5*v - 1. Give n(2).
-11
Let l(h) = -h**2 + 7*h + 1. Give l(13).
-77
Let l(y) = 11*y + 290. Give l(-26).
4
Let o(q) = 2*q**3 - 7*q**2 - 2*q + 6. Determine o(4).
14
Let j(g) = -8*g**2 - g - 1. Determine j(1).
-10
Let w(z) = z**2 + 13*z + 37. Determine w(-9).
1
Let j(m) = m**3 - 24*m**2 + 3*m - 60. Determine j(24).
12
Let q(c) = -8*c - 513. What is q(-63)?
-9
Let y(h) = -110*h**3 - h**2 - 2*h + 2. Calculate y(1).
-111
Let b(a) = 5*a + 29. What is b(-6)?
-1
Let k(m) = m**3 + 9*m**2 + 11*m + 6. What is k(-8)?
-18
Let y(u) = -9*u + 7. Calculate y(1).
-2
Let c(s) = -2*s**3 - 5*s**2 + 4*s + 10. Determine c(-3).
7
Let k(j) = -j**3 + 11*j**2 + 27*j - 22. Give k(13).
-9
Let i(k) = -k**2 + 8*k + 15. What is i(8)?
15
Let r(n) = -63*n + 111. Calculate r(2).
-15
Let d(a) = 4*a - 27. Calculate d(8).
5
Let i(y) = 31*y + 19. Calculate i(-6).
-167
Let n(s) = -s**2 + 2*s + 18. Calculate n(6).
-6
Let f(t) = -2*t - 23. Determine f(8).
-39
Let b(v) = v**2 - 8*v - 9. Give b(10).
11
Let r(c) = 3*c + 56. Calculate r(-18).
2
Let c(o) = -o + 1. Determine c(-12).
13
Let f(p) = p**3 - 14*p**2 + 11*p + 27. Give f(13).
1
Let h(l) = -l**3 + 9*l**2 + 3*l - 8. Give h(9).
19
Let r(n) = -49*n**2 - n. Calculate r(1).
-50
Let m(q) = -q**2 - 5*q - 5. Determine m(-4).
-1
Let z(u) = 4*u - 3. Determine z(11).
41
Let b(m) = 2*m**2 - 20*m + 16. Determine b(11).
38
Let k(z) = -z**2 - 7*z + 9. Determine k(-7).
9
Let f(l) = l**2 + 13*l - 71. Determine f(-17).
-3
Let k(x) = x**2 - 2*x - 7. Give k(6).
17
Let a(o) = o**3 - 9*o**2 + 5*o - 26. What is a(9)?
19
Let m(p) = p**3 - 15*p**2 - 32*p - 40. Determine m(17).
-6
Let j(r) = 6*r + 56. Give j(-10).
-4
Let q(d) = d**2 - 13*d - 40. What is q(16)?
8
Let l(s) = s**3 - 4*s**2 - 7*s - 2. What is l(5)?
-12
Let g(x) = -6*x + 38. Calculate g(7).
-4
Let o(h) = h - 14. Determine o(6).
-8
Let m(q) = -q - 12. Determine m(-20).
8
Let j(o) = -o**3 - 6*o**2 + 6*o - 7. Give j(-7).
0
Let k(y) = -y + 18. Give k(42).
-24
Let f(c) = -c**2 - 23*c + 85. Give f(-26).
7
Let p(o) = 7*o**2 - 86*o + 16. What is p(12)?
-8
Let t(i) = -3*i + 58. What is t(18)?
4
Let q(u) = -u**3 + 2*u**2 + 8*u - 11. What is q(2)?
5
Let r(s) = s**2 - 16*s - 22. Calculate r(16).
-22
Let o(b) = b**2 + 17*b + 76. Calculate o(-13).
24
Let s(f) = -f**2 - f + 161. Give s(12).
5
Let x(u) = u**3 - 21*u**2 + 37*u + 32. Calculate x(19).
13
Let m(b) = 3*b**2 + 13*b - 5. What is m(-5)?
5
Let h(b) = -10*b + 547. Calculate h(54).
7
Let g(z) = -z**2 - z - 1. What is g(-1)?
-1
Let h(k) = k**3 - 3*k**2 - k + 1. Give h(3).
-2
Let s(i) = -i**3 + 10*i**2 + 15*i - 36. Calculate s(11).
8
Let q(k) = k + 3. Calculate q(-13).
-10
Let r(t) = -7*t**3 - t**2 + 2*t + 2. Give r(-1).
6
Let b(a) = -a**2 + 5*a + 23. What is b(-4)?
-13
Let g(m) = m. What is g(-2)?
-2
Let h(r) = r. Give h(6).
6
Let z(d) = d**3 - 2*d - 11. What is z(0)?
-11
Let t(h) = -7*h**2 - 67*h + 28. Determine t(-10).
-2
Let y(t) = -t**2 - 4*t - 12. Determine y(-4).
-12
Let d(z) = -z - 40. Calculate d(-8).
-32
Let x(p) = -p**2 - 123*p + 374. Determine x(3).
-4
Let l(o) = -4*o**2 - 3*o + 12. What is l(6)?
-150
Let j(v) = v + 9. Give j(-25).
-16
Let k(w) = -8*w**3 - 1. Give k(1).
-9
Let h(f) = -23*f + 3. Calculate h(1).
-20
Let c(v) = 12*v**3 + 5*v**2 + 4*v - 1. Give c(-1).
-12
Let l(w) = w**2 - 13*w + 13. Determine l(12).
1
Let v(r) = -r**2 - 12*r + 10. Determine v(-13).
-3
Let u(p) = p**2 - 8*p + 7. What is u(6)?
-5
Let m(q) = q**3 + 38*q**2 - 36*q + 121. Give m(-39).
4
Let l(w) = w**2 + 3*w + 5. Calculate l(-5).
15
Let t(d) = d**3 - d**2 - 5*d + 3. What is t(3)?
6
Let a(g) = g**3 + 5*g**2 - 4*g - 21. Calculate a(-5).
-1
Let g(u) = -2*u**3 - 2*u**2 + 7*u + 12. Determine g(-3).
27
Let g(f) = 2*f + 7. Determine g(-8).
-9
Let s(d) = -2*d**2 + 28*d - 104. Determine s(7).
-6
Let k(y) = -y**3 - 8*y**2 + 28*y - 14. What is k(-11)?
41
Let n(j) = j**3 + 9*j**2 + 6*j - 15. What is n(-8)?
1
Let k(v) = 3*v - 3. What is k(3)?
6
Let a(x) = x**3 - x + 34. Calculate a(0).
34
Let i(g) = g**2 + 8*g - 9. What is i(-9)?
0
Let p(z) = 3*z**2 - 34*z + 15. Determine p(11).
4
Let h(w) = -27*w + 113. Calculate h(4).
5
Let v(b) = b**3 + b**2 + b + 33. What is v(0)?
33
Let s(y) = -y**2 - 5*y + 16. Determine s(-8).
-8
Let v(j) = j**2 + 135*j + 1255. Give v(-10).
5
Let r(h) = -5*h**2 + 11*h + 20. Give r(3).
8
Let k(t) = 4*t - 7. Calculate k(3).
5
Let z(v) = v - 7. Determine z(4).
-3
Let g(m) = m**2 + 14*m + 28. Calculate g(-11).
-5
Let v(j) = -2*j**2 + 11*j + 9. Give v(6).
3
Let d(z) = -z**3 + 8*z**2 + 7*z - 55. Give d(8).
1
Let j(t) = -61*t + 425. Give j(7).
-2
Let z(h) = h**2 + h - 27. Calculate z(-5).
-7
Let m(q) = -10*q - 204. Give m(-21).
6
Let p(b) = 54*b**3 + b**2. What is p(1)?
55
Let g(t) = -t**3 + 3*t - 6. What is g(2)?
-8
Let y(n) = 18*n - 8. Give y(5).
82
Let w(x) = -2*x**3 - 9*x**2 - 2*x + 8. Give w(-4).
0
Let m(w) = 20*w + 21. Calculate m(-2).
-19
Let v(u) = u**3 - 14*u**2 + 23*u - 10. Determine v(13).
120
Let y(c) = -2*c + 3. Determine y(-3).
9
Let r(p) = p**3 - 3*p**2 + 6*p - 4. Calculate r(4).
36
Let z(w) = -w + 33. Give z(0).
33
Let x(k) = -k**3 - 3*k**2 + 4*k + 9. Determine x(-4).
9
Let a(r) = r**2 + 20*r - 10. What is a(-18)?
-46
Let h(z) = -z**3 - 6*z**2 - 8*z - 8. What is h(-4)?
-8
Let t(c) = c**3 - 15*c**2 + 18*c - 28. Calculate t(14).
28
Let u(l) = -3*l - 18. Calculate u(0).
-18
Let i(t) = -11*t + 10. C